11 - -14?
12225
In base 11, what is 6 + -235?
-22a
In base 15, what is -15 - -2d1?
2bb
In base 4, what is -33 + 3333?
3300
In base 15, what is 5 - b1?
-ab
In base 9, what is -51680 + 1?
-51678
In base 5, what is -1041 - 14?
-1110
In base 5, what is 341 - -2?
343
In base 5, what is -2201 - 10?
-2211
In base 9, what is -288 + 1?
-287
In base 14, what is 2b8 - -3?
2bb
In base 10, what is -4 + 4?
0
In base 10, what is -3 - -9540?
9537
In base 13, what is 1 + -40?
-3c
In base 7, what is 25 - 1003?
-645
In base 2, what is -1001101001 - 11?
-1001101100
In base 11, what is 5 + 60?
65
In base 6, what is -30 - 0?
-30
In base 5, what is -101 - 2?
-103
In base 12, what is 3728 + 3?
372b
In base 12, what is -5 - 38?
-41
In base 6, what is -113 - 2?
-115
In base 8, what is 2 + 175?
177
In base 11, what is -191 - -62?
-12a
In base 16, what is -187 - 0?
-187
In base 13, what is 12a + -5?
125
In base 5, what is -3 + 302?
244
In base 12, what is 3 + -3b?
-38
In base 11, what is 0 - -11a?
11a
In base 15, what is 1 - cd?
-cc
In base 15, what is e49 - -1?
e4a
In base 13, what is -c + 9c1?
9b2
In base 2, what is 11 + -111110100?
-111110001
In base 2, what is -111010010 + 11?
-111001111
In base 12, what is 7 + 840?
847
In base 3, what is -2 - -1211022?
1211020
In base 15, what is -3c - -47?
a
In base 15, what is 30c + -2?
30a
In base 15, what is 0 - -db?
db
In base 4, what is -21 - 203?
-230
In base 2, what is -10001000 + -11000?
-10100000
In base 7, what is -62 - 15?
-110
In base 3, what is -1 - 220121?
-220122
In base 12, what is 0 + 1bb?
1bb
In base 16, what is -7 - 1029?
-1030
In base 13, what is 1 - -26c?
270
In base 13, what is -5 - -b?
6
In base 7, what is -3 + 1623?
1620
In base 9, what is 8 + -11?
-2
In base 3, what is -2 - 101112020?
-101112022
In base 7, what is -33342 + 4?
-33335
In base 11, what is -22 - -62?
40
In base 5, what is -20044 + 1?
-20043
In base 5, what is 2 + 113030?
113032
In base 5, what is 0 - -332?
332
In base 4, what is 3 + -122?
-113
In base 14, what is -3b + 3?
-38
In base 10, what is 1048 + 2?
1050
In base 7, what is -3 - 50?
-53
In base 3, what is 1 + 121?
122
In base 9, what is -51 + -3?
-54
In base 14, what is 4 - -cd?
d3
In base 7, what is -262 - -1?
-261
In base 8, what is 2 - -67?
71
In base 12, what is 0 - -54?
54
In base 12, what is -4 + aa?
a6
In base 8, what is -2 - -4?
2
In base 14, what is -18 + -11?
-29
In base 7, what is -4 - -15?
11
In base 15, what is -1 + 2b?
2a
In base 3, what is 1001100 - 1?
1001022
In base 8, what is -1 + 1406?
1405
In base 3, what is -10 + 100100?
100020
In base 12, what is -a + 7a9?
79b
In base 12, what is 320 - -3?
323
In base 13, what is -94 - 2?
-96
In base 16, what is -3e4 + 5?
-3df
In base 11, what is 5a9 - -4?
602
In base 7, what is 1 + -201?
-200
In base 13, what is 61 - -1?
62
In base 6, what is -24 - 13?
-41
In base 11, what is 4 + -3864?
-3860
In base 10, what is -48 + -18?
-66
In base 10, what is -265 - -4?
-261
In base 9, what is -134 + -13?
-147
In base 12, what is -1 + -1b?
-20
In base 16, what is 2 + -d0?
-ce
In base 8, what is -11 - 45?
-56
In base 11, what is -67 - 119?
-185
In base 10, what is -7090 - 0?
-7090
In base 16, what is -302 + 2?
-300
In base 15, what is 37d + 5?
383
In base 3, what is -10212 + 1?
-10211
In base 13, what is -5 - -4?
-1
In base 6, what is 13 - -3403?
3420
In base 13, what is 2 - 3?
-1
In base 12, what is -b + -21?
-30
In base 3, what is 20 + -112?
-22
In base 15, what is -78 - 5?
-7d
In base 13, what is 18 - -a?
25
In base 10, what is -928 + -5?
-933
In base 13, what is -8542 + 2?
-8540
In base 9, what is -118 + 1?
-117
In base 2, what is -100110 - -1001010110?
1000110000
In base 14, what is -9 + -13?
-1c
In base 11, what is 246 - -3?
249
In base 8, what is 14 + -200?
-164
In base 13, what is 3 + 501?
504
In base 2, what is 1001001000 - 11?
1001000101
In base 16, what is -234 + -3?
-237
In base 16, what is -1 + -563?
-564
In base 11, what is -1a7 + -61?
-258
In base 2, what is -11011 - 1010?
-100101
In base 9, what is -27741 - 2?
-27743
In base 5, what is 14023 - 2?
14021
In base 3, what is 12111 + -200?
11211
In base 15, what is 5 - 1ab?
-1a6
In base 16, what is -10 - -33?
23
In base 3, what is -1011021 - -2?
-1011012
In base 4, what is 10 - -10201?
10211
In base 13, what is 2 - 19?
-17
In base 16, what is -1b + 1?
-1a
In base 14, what is 4 - -33?
37
In base 10, what is 3 - -77?
80
In base 7, what is -1 + 1040?
1036
In base 14, what is 81 + -2?
7d
In base 13, what is -15 + 5?
-10
In base 9, what is -2 - -248?
246
In base 5, what is 34 - -440?
1024
In base 6, what is -4 - 313?
-321
In base 12, what is 2739 + 3?
2740
In base 8, what is -5 - -1531?
1524
In base 12, what is -3 + -45?
-48
In base 2, what is -1 + -10100111?
-10101000
In base 4, what is -3110 + -1122?
-10232
In base 9, what is -686 + 1?
-685
In base 12, what is 5 - -701?
706
In base 2, what is 11 - -1111010010101?
1111010011000
In base 6, what is 3 + -433?
-430
In base 11, what is a1 + -12a?
-39
In base 5, what is 23 + 240?
313
In base 6, what is -22300 - 0?
-22300
In base 16, what is 89 + -37?
52
In base 16, what is -2ef - 5?
-2f4
In base 7, what is 62 + 251?
343
In base 15, what is 0 + 34?
34
In base 11, what is -21a5 - -2?
-21a3
In base 4, what is -21000 + 110?
-20230
In base 14, what is 18c1 - -1?
18c2
In base 15, what is 1a4 + 0?
1a4
In base 12, what is -1013 + -9?
-1020
In base 13, what is 986 + -6?
980
In base 14, what is 1b - 2?
19
In base 8, what is 473 + 0?
473
In base 2, what is 110 + -10101?
-1111
In base 2, what is 101000110000000 + -1?
101000101111111
In base 4, what is 0 - -130?
130
In base 16, what is -14 - -10?
-4
In base 14, what is -43 - 3?
-46
In base 4, what is -11 - -2313?
2302
In base 13, what is 4 - -636?
63a
In base 14, what is -3 - 70?
-73
In base 9, what is -55 - 18?
-74
In base 9, what is -83 + 4?
-78
In base 7, what is -14565 + 5?
-14560
In base 16, what is 2 - -a6?
a8
In base 5, what is -430 + 4?
-421
In base 4, what is 300 + 2?
302
In base 15, what is 90 + -3?
8c
In base 6, what is -5 - 354?
-403
In base 9, what is 301 + 65?
366
In base 13, what is -3c96 + -1?
-3c97
In base 9, what is -11 + -477?
-488
In base 12, what is 1256 + -7?
124b
In base 9, what is 422 - -3?
425
In base 5, what is -21 + -43?
-114
In base 10, what is 14 - -5?
19
In base 7, what is -54 + 5?
-46
In base 11, what is -1 - 1407?
-1408
In base 6, what is 5 + 5051?
5100
In base 12, what is -37 + b?
-28
In base 5, what is 1 + 100400?
100401
In base 3, what is 10111 + -1220?
1121
In base 16, what is -4 + 75?
71
In base 12, what is 1a - -26?
44
In base 13, what is -35 - -1?
-34
In base 6, what is 2 - 1305?
-1303
In base 5, what is -444 - 14?
-1013
In base 6, what is -12 - 1214?
-1230
In base 9, what is 20886 - -3?
21000
In base 15, what is 5 - 19?
-14
In base 10, what is 5 + -224?
-219
In base 10, what is -26 - 59?
-85
In base 2, what is 0 + 110000100000?
110000100000
In base 12, what is -36 - 12?
-48
In base 3, what is -100 + 2010?
1210
In base 3, what is -220000 + 2?
-212221
In base 13, what is 14 - -2?
16
In base 3, what is -11 - -10210?
10122
In base 4, what is -213103 - 10?
-213113
In base 7, what is 1652 - 10?
1642
In base 9, what is -3 - 7?
-11
In base 16, what is -2b6 - -2?
-2b4
In base 14, what is -d + -1?
-10
In base 12, what is 2 + -3a9?
-3a7
In base 13, what is -1 + -3509?
-350a
In base 3, what is 12010 + -10002?
2001
In base 8, what is 732 + -6?
724
In base 4, what is 113 - 11?
102
In base 5, what is 13 - 123?
-110
In base 10, what is -575 - 1?
-576
In base 14, what is 1393 + -8?
1389
In base 3, what is 10 + 10?
20
In base 3, what is 1 - -1012012?
1012020
In base 6, what is -52 + -2023?
-2115
In base 8, what is -3 - -52?
47
In base 16, what is -14 - 4?
-18
In base 3, what is -1 - -21100010?
21100002
In base 3, what is -122022202 - 0?
-122022202
In base 5, what is 13 + 33004?
33022
In base 16, what is 9b - -2?
9d
In base 5, what is 100 + 121?
221
In base 3, what is 111 - -12?
200
In base 13, what is 3 - -5bb?
5c1
In base 15, what is -4 + -323?
-327
In base 15, what is -483 - -12?
-471
In base 16, what is a + 2fb?
305
In base 12, what is 5 - -11?
16
In base 16, what is 1b - -16?
31
In base 11, what is 11 + 8?
19
In base 3, what is 10 + 111210101?
111210111
In base 13, what is 54 - 